s j(1)?
-21
Let r(v) = -v - 3. Give r(8).
-11
Let v(b) = -47*b. Give v(-1).
47
Let t(b) = -b**3 + 9*b**2 - 11*b - 24. Give t(7).
-3
Let r(n) = 3*n**2 - 1. Give r(-5).
74
Let g(t) = 4*t + 4. Determine g(2).
12
Let m(x) = x + 38. What is m(-21)?
17
Let q(w) = 5*w**2 - 6*w + 6. Determine q(1).
5
Let p(d) = 2*d**2 - 7*d + 8. What is p(4)?
12
Let p(c) = c**3 + 24*c**2 + 43*c - 41. What is p(-22)?
-19
Let p(g) = -g**3 - 6*g**2 - 9*g - 8. Calculate p(-4).
-4
Let g(f) = -3*f**2 + 5*f + 4. Calculate g(5).
-46
Let r(u) = u**3 - 8*u**2 + 9*u - 8. Determine r(7).
6
Let m(l) = 4*l**3 + 2*l**2 - 3*l - 6. Calculate m(2).
28
Let u(w) = w**3 + 5*w**2 - 4*w + 1. Determine u(-5).
21
Let a(p) = p**2 + 12*p - 16. Give a(-11).
-27
Let p(i) = i**3 + 7*i**2 + 9*i. Determine p(-6).
-18
Let b(m) = -4*m**2 - 8*m - 14. What is b(-6)?
-110
Let a(v) = v**3 + 16*v**2 - 29*v - 193. Calculate a(-17).
11
Let i(r) = -r**2 - 5*r + 21. Give i(5).
-29
Let s(l) = -l**2 - 35*l - 49. Give s(-33).
17
Let j(s) = -4*s**2 - 3*s + 7. Give j(2).
-15
Let u(c) = -2*c**3 + 19*c**2 - 82. Determine u(9).
-1
Let h(s) = 35*s - 164. Give h(4).
-24
Let r(w) = -w**3 - 5*w**2 - 6*w - 4. Calculate r(-4).
4
Let x(t) = t**2 + 15*t + 16. Calculate x(-13).
-10
Let v(l) = -4*l**3 - 69*l**2 - 19*l - 30. Give v(-17).
4
Let k(n) = n**2 + 6*n + 7. Calculate k(-5).
2
Let k(h) = h**3 - 5*h**2 - 7*h + 5. What is k(6)?
-1
Let r(u) = -15*u - 22. Calculate r(-2).
8
Let u(n) = -7*n - 35. Calculate u(-9).
28
Let u(w) = -15*w + 40. Calculate u(3).
-5
Let r(y) = -3*y - 3. What is r(-12)?
33
Let p(m) = -2*m**2 - 11*m + 3. Give p(-6).
-3
Let o(k) = -2*k + 4. Determine o(0).
4
Let o(b) = -b**2 - 43*b + 595. Give o(11).
1
Let x(q) = 12*q - 137. What is x(13)?
19
Let y(z) = 3*z - 21. Calculate y(8).
3
Let t(y) = -y**3 - 5*y**2 - 7*y - 18. Determine t(-6).
60
Let y(q) = 2*q + 14. What is y(-7)?
0
Let s(k) = 18*k**2 + k + 1. What is s(1)?
20
Let c(g) = g**3 - 16*g**2 + 13*g - 3. Give c(15).
-33
Let d(j) = j**3 - 6*j**2 + 6*j + 7. Determine d(6).
43
Let g(z) = 5*z**3 - z**2 + 18*z + 18. Determine g(-1).
-6
Let o(c) = c**3 - 19*c**2 + 4*c - 488. What is o(20)?
-8
Let j(i) = -27*i - 216. Determine j(-9).
27
Let t(k) = k**2 - 18*k + 8. Give t(18).
8
Let k(r) = -13*r - 28. Give k(-2).
-2
Let i(z) = z**2 - 7*z - 4. Determine i(8).
4
Let z(o) = 2*o**2 + 7*o - 5. Determine z(2).
17
Let m(g) = -g**2 - 6*g - 7. Give m(-8).
-23
Let g(j) = 7*j**2 + 2*j - 2. Give g(2).
30
Let s(a) = -11*a**2 + a + 1. Give s(-1).
-11
Let m(y) = y**3 - 4*y**2 + 2*y + 1. Determine m(2).
-3
Let r(a) = a + 4. Give r(-4).
0
Let i(z) = 9*z**3 - 5*z**2 - 6*z. Give i(-1).
-8
Let k(t) = 8*t - 3. What is k(2)?
13
Let r(q) = q**3 - 13*q**2 - 18*q + 44. Give r(14).
-12
Let t(o) = -12*o - 141. Determine t(-17).
63
Let s(c) = -2*c**3 - 15*c**2 + 5*c - 18. What is s(-8)?
6
Let x(q) = q**2 - 13*q + 39. Calculate x(3).
9
Let t(u) = -u**3 + 7*u**2 + 11*u - 71. What is t(7)?
6
Let u(q) = 8*q - 19. Determine u(3).
5
Let w(k) = k**3 - 3*k**2 + 8*k - 16. What is w(2)?
-4
Let p(t) = -4*t**2 - 4*t + 1. Give p(1).
-7
Let w(l) = 5*l - 71. Calculate w(14).
-1
Let i(o) = o**2 - 9*o - 4. What is i(7)?
-18
Let y(o) = -o + 9. Determine y(16).
-7
Let a(k) = k**3 - 5*k**2 - 2*k + 6. Give a(5).
-4
Let b(x) = -2*x**2 - 6*x - 4. Determine b(-4).
-12
Let c(f) = f**2 + 26*f + 161. Calculate c(-12).
-7
Let j(h) = -3*h + 58. What is j(10)?
28
Let l(u) = u**3 - 13*u**2 + 12*u - 8. Determine l(12).
-8
Let k(h) = h**3 - 2*h**2 - 4*h. Calculate k(3).
-3
Let p(h) = 40*h + 12. Give p(-2).
-68
Let h(x) = 7*x - 75. Give h(11).
2
Let g(p) = 34*p - 132. What is g(4)?
4
Let h(j) = -j + 8. Determine h(5).
3
Let n(h) = 2*h**2 + 7*h + 1. Determine n(-3).
-2
Let h(c) = -2*c**2 + 5*c - 2. Determine h(4).
-14
Let r(q) = -5*q - 23. Determine r(-6).
7
Let g(s) = -2*s**2 + 3*s - 3. Calculate g(3).
-12
Let f(u) = 4*u**3 + 7*u**2 + 6*u + 6. What is f(-3)?
-57
Let k(p) = 2*p**2 - 17*p + 22. Give k(7).
1
Let h(a) = -a**2 - 3*a - 5. Calculate h(-6).
-23
Let k(m) = -m**3 - 25*m**2 + 26*m + 2. Give k(-26).
2
Let w(i) = i**3 - 10*i**2 - 8*i + 14. Determine w(11).
47
Let b(a) = 2*a**3 - 8*a**2 - 3*a + 9. Determine b(4).
-3
Let s(j) = j**2 - 22*j + 10. Give s(21).
-11
Let d(l) = 36*l - 4. Determine d(-2).
-76
Let q(b) = -4*b + 14. What is q(8)?
-18
Let l(p) = -p - 14. Determine l(-7).
-7
Let j(a) = 5*a + 30. Give j(-7).
-5
Let u(l) = -2*l**2 - 18*l + 25. What is u(-11)?
-19
Let f(a) = -a**3 + 8*a**2 - 9*a + 6. Calculate f(6).
24
Let j(y) = -4*y**3 + y**2 - 3*y - 2. Give j(2).
-36
Let m(q) = q**2 + 4*q - 2. What is m(-4)?
-2
Let g(w) = 18*w**2 - 32*w - 1. Calculate g(2).
7
Let k(b) = -b**2 + 7*b - 14. Determine k(6).
-8
Let b(i) = -4*i + 5. Determine b(6).
-19
Let c(j) = -3*j**2 - 87*j + 1. Give c(-29).
1
Let a(i) = -i**2 - 74*i - 343. Give a(-5).
2
Let d(m) = -m**3 + 20*m**2 + 20*m + 7. What is d(21)?
-14
Let u(v) = v**3 + 5*v**2 + 2*v + 54. What is u(-6)?
6
Let f(l) = -l**2 - 7*l - 16. Give f(-7).
-16
Let f(d) = d**3 + 7*d**2 + 9*d - 15. What is f(-5)?
-10
Let r(a) = a**3 + 7*a**2 + 9*a + 8. Determine r(-6).
-10
Let b(n) = 2*n**2 + 21*n + 9. What is b(-10)?
-1
Let m(n) = -10*n - 87. What is m(-9)?
3
Let t(d) = 3*d**3 - 13*d**2 - 3*d + 10. Determine t(4).
-18
Let p(n) = n**2 + n - 10. Give p(-6).
20
Let d(f) = -78*f - 72. Calculate d(-1).
6
Let j(q) = -q**3 + 4*q**2 + 100*q + 37. Calculate j(-8).
5
Let c(s) = s**2 - 7*s - 13. Determine c(10).
17
Let c(o) = -o. Calculate c(4).
-4
Let c(w) = -w**3 - w**2 - 3*w - 20. What is c(-3)?
7
Let l(a) = a**2 + 14*a - 9. Give l(-14).
-9
Let r(x) = -10*x - 108. Give r(-15).
42
Let k(i) = i**3 - 22*i**2 + 58*i + 1. What is k(19)?
20
Let a(d) = -d**3 + 5*d**2 - 3*d - 6. Give a(5).
-21
Let w(k) = -6*k + 1. Calculate w(0).
1
Let n(p) = -p**3 - 12*p**2 - 8*p - 30. Determine n(-12).
66
Let w(u) = 21*u + 5. What is w(-2)?
-37
Let a(p) = -4*p**2 - 113*p - 22. Give a(-28).
6
Let x(m) = -m**3 - 2*m**2 - 3. Determine x(0).
-3
Let g(p) = 15*p + 17. What is g(-3)?
-28
Let m(b) = 139*b - 705. Give m(5).
-10
Let m(b) = -14*b + 89. What is m(7)?
-9
Let p(x) = 2*x**2 + 12*x + 14. Calculate p(-4).
-2
Let b(k) = -38*k - 500. Give b(-13).
-6
Let y(j) = 5*j + 155. Give y(-35).
-20
Let d(w) = w**3 - 23*w**2 - 29*w + 125. Determine d(24).
5
Let i(k) = 2*k - 52. What is i(23)?
-6
Let w(t) = -t + 2. Determine w(-13).
15
Let b(i) = i - 2. Give b(-4).
-6
Let y(s) = -s**3 - 5*s**2 - 2*s - 8. Calculate y(-5).
2
Let b(x) = x**3 - 7*x**2 + 5*x + 5. Determine b(6).
-1
Let j(g) = g**3 - 6*g**2 + 5*g + 3. Calculate j(4).
-9
Let j(l) = -l**3 + 4*l**2 + 2*l + 8. Give j(4).
16
Let b(k) = -81*k + 68. Determine b(1).
-13
Let m(k) = 10*k - 249. Calculate m(25).
1
Let x(p) = -9*p - 8. Determine x(-7).
55
Let w(z) = -12*z**2 + 20*z - 2. Calculate w(1).
6
Let u(q) = -q**3 + 3*q**2 + q - 4. Calculate u(3).
-1
Let w(x) = -x**2 + x. Determine w(-2).
-6
Let r(g) = 7*g**3. What is r(1)?
7
Let r(k) = -k**3 - 20*k**2 + 40*k - 79. What is r(-22)?
9
Let s(m) = 98*m + 489. Give s(-5).
-1
Let f(y) = y**3 + 5*y**2 + 4. Give f(-5).
4
Let k(n) = 5*n - 55. Give k(16).
25
Let p(f) = f**2 + 12*f + 16. What is p(-9)?
-11
Let c(x) = 2*x + 7. Determine c(-6).
-5
Let p(k) = k**3 + 2*k**2 + 2*k - 3. What is p(-2)?
-7
Let g(i) = -7*i - 54. Give g(-8).
2
Let l(s) = 15*s**2 - 36*s - 3. Determine l(3).
24
Let u(c) = -c**3 - 19*c**2 - 18*c - 6. Determine u(-18).
-6
Let c(z) = -z**2 + 7*z - 2. Determine c(-5).
-62
Let v(m) = 9*m + 23. Give v(5).
68
Let h(j) = 3*j**3 + j**2 - j - 2. What is h(-2)?
-20
Let b(l) = -l - 5. Calculate b(-10).
5
Let l(y) = 9*y + 14. Calculate l(-9).
-67
Let p(o) = -7*o + 14. Give p(4).
-14
Let a(d) = 2*d**3 - 8*d**2 - 3*d + 13. What is a(4)?
1
Let d(r) = -4*r + 16. What is d(8)?
-16
Let i(a) = 20*a**2 + a - 2. Give i(1).
19
Let j(q) = 15*q + 114. Give j(-7).
9
Let o(d) = -d - 23. Give o(-16).
-7
Let y(q) = q**3 - 2*q**2 - 6*q - 1. Determine y(4).
7
Let x(b) = -3*b**2 + 66*b - 1. Determine x(22).
-1
Let d(c) = 10*c**3 + 2*c**2 - 2*c + 1. What is d(1)?
11
Let h(a) = -2*a + 6. What is h(4)?
-2
Let s(k) = -k**3 - 11*k**2 - k - 5. Calculate s(-11).
6
Let u(f) = -f - 10. Calculate u(-3).
-7
Let s(d) = 2*d + 57. Calculate s(-25).
7
Let n(y) = 6*y + 106. Give n(-12).
34
Let k(h) = -h**3 + 5*h**2 - 2*h - 1. What is k(5)?
-11
Let p(z) = 